+ j*p + 2*p = 2. Suppose 5*f - 103 = 4*z, 2*z = -0 - c. Is f a prime number?
True
Suppose 531 + 277 = -2*h. Let r = 733 + h. Is r composite?
True
Let k = -24 + 64. Let f be (k/(-12))/(4/(-6)). Suppose 2*v = -4*b + 28, 2*v + 32 = f*b + 3*v. Is b composite?
True
Suppose -3*t + 1009 = -13*v + 14*v, -t - 5*v = -327. Is t a prime number?
True
Suppose -16 + 111 = 5*l. Suppose -5*n - 8 = -4*u, -3*n - n = u + l. Is (-11)/(u/(-6) + -1) composite?
True
Is 1954/12 - (-17)/102 prime?
True
Is 1/((-3)/(2 + -131)) a prime number?
True
Let a(b) = b**3 + 4*b**2 - 5*b - 7. Let l be a(-5). Let q be 1556*((-2)/4 - 0). Is q/(-8) - l/(-28) a composite number?
False
Suppose -4*n + n - 102 = 0. Let f = -19 - n. Is f prime?
False
Let o(c) = 3*c**2 - c + 1. Let k be 2/1 + (-4 - -3). Let v be o(k). Let p = 26 - v. Is p a prime number?
True
Let w(u) = -2*u**3 - 3*u**2 + u + 3. Let n be w(-3). Suppose -n = -3*a + 12. Is a - 0*(-1)/2 composite?
False
Let j be 4/14 - (-26)/7. Suppose -5*a + 31 = -h, 2*a - a - 2 = -j*h. Is a prime?
False
Suppose a - 3 = 0, -2*a = -5*k - 0*a - 6. Suppose -4*o = o - 5*j - 300, k = 4*o - 3*j - 239. Is o prime?
True
Let f(n) = n**2 - 6*n + 13. Is f(-14) prime?
True
Let n = 186 - 108. Suppose 2*y + 34 + 4 = 0. Let i = y + n. Is i composite?
False
Let o = -788 - -1411. Is o composite?
True
Suppose -1235 = -7*a + 74. Is a a composite number?
True
Let h(n) = 10*n**2 - 6*n**2 + 2 - 5. Is h(10) a composite number?
False
Let v(i) = i**2 + 30*i - 80. Is v(-37) a prime number?
True
Let d(c) = -c**3 + 8*c**2 - 9*c + 4. Let l be (-4)/(-6)*(-36)/2. Let m = -6 - l. Is d(m) a composite number?
True
Let k(z) = z**3 - 2*z**2 - z - 5. Let v be k(4). Suppose -4*d + 117 + v = 0. Suppose -4*g - h + 140 = 0, g - h = 2*h + d. Is g a prime number?
False
Let i(n) = -n**3 - 3*n**2 - 4*n - 3. Let l be i(-3). Suppose -u + 3*o = l, 4*o - 29 - 9 = -3*u. Is u a composite number?
True
Suppose -2*t - 1422 = -5*t. Suppose 4*c - 2*c = t. Is c a prime number?
False
Let g be (10/3)/((-2)/(-12)). Suppose 4*d = -3*l + g, -3*d = 5*l - 4*l. Suppose -3*x + 5*y + 60 = 0, 2*y + 2*y = l. Is x composite?
True
Let k(w) = 101*w - 56. Is k(15) a prime number?
True
Suppose 2*o - 185 = o. Let g = o + -100. Is g composite?
True
Suppose 4*o + c - 1 = 1, 0 = -4*o + 4*c - 8. Let m(i) = -i**2 - i + 48. Let b be m(o). Let l = b - 29. Is l a composite number?
False
Let j(o) = o**3 - 8*o**2 - 9*o + 2. Let u(k) = 10*k**3 - k**2 - k + 1. Let x be u(1). Let v be j(x). Is 2*((-191)/(-2) - v) a prime number?
False
Let t(m) = m**3 - m**2 + m. Let h(w) = -5*w**3 + 5*w**2 - 4*w + 3. Let v(n) = -h(n) - 2*t(n). Is v(3) prime?
False
Suppose 0 = -2*z - 176 + 52. Let q = -25 - z. Is q prime?
True
Let r be (-1*24)/((-3)/2). Is 3380/r - (-2)/(-8) composite?
False
Is (-1)/(1890/(-1885) - -1) a composite number?
True
Is (-2 + 0)*1479/(-6) a prime number?
False
Let c be (-56)/(-16) - (-2)/(-4). Suppose 2*k - 4*g = 3*k - 443, 442 = k + c*g. Is k a composite number?
False
Let n = -7 - -13. Is -12*(-20)/n + 3 prime?
True
Suppose 2*t + 6*t - 3576 = 0. Is t prime?
False
Let z(b) = -b**2 + 3*b. Let v be z(2). Is ((-66)/(-9))/(v/6) composite?
True
Suppose 2*a + 2*o - 1502 = 4*o, 3*a + 5*o = 2269. Is a composite?
True
Let j(n) be the third derivative of n**6/120 + n**5/40 - 7*n**4/24 + n**3/3 + n**2. Let t(v) be the first derivative of j(v). Is t(-5) a composite number?
False
Let i = 19 - 9. Let s be 2*(i - 1)*-3. Is 1339/9 + (-12)/s composite?
False
Let f(p) = -20*p + 15. Suppose 4*h = 2*h + 10. Let d(m) = 19*m - 14. Let u(o) = h*f(o) + 6*d(o). Is u(8) prime?
True
Is 57/5 - 18/45 composite?
False
Suppose 0*z - 170 = -2*z. Is z composite?
True
Let h(m) be the third derivative of 19*m**6/120 + m**5/15 - m**4/6 + m**3/2 - 4*m**2. Is h(2) prime?
True
Let f be 329 - (-4 - -2 - -1). Suppose t = 4*t - f. Suppose 2*b + t = 4*b. Is b prime?
False
Is (1 - -1470)*(4 + -3) prime?
True
Let u(k) = -4 - 1 - 8*k + 6. Let n be u(-2). Let g = n - 10. Is g a composite number?
False
Suppose 3*o = 3*r - 408, -5*o - 4*r - 408 = -2*o. Let p = -47 - o. Is p a prime number?
True
Suppose 14*i = -2*i + 26224. Is i a composite number?
True
Is (-4)/((-40)/5)*46 prime?
True
Let y(f) = f**2 - 7*f + 8. Let g be y(6). Suppose 0 = 3*a - g*h + 4, -6*h + 2*h = -20. Suppose -5*l + 37 = -2*s, -5*s - 25 + 6 = -a*l. Is l a prime number?
True
Suppose 2*d + 20 = -4*k, 0*d + d = -k - 10. Let b be (-6664)/d - (-2)/(-5). Is (1 - b/4)*-2 a composite number?
False
Suppose -p - 4 - 2 = 0. Is 6/(-3 - p) + 72 a composite number?
True
Let s(k) = -k**2 - 6*k - 6. Let n be s(-6). Let b(r) = -r**2 - 5*r + 8. Let y be b(n). Is (159/6)/(1/y) a prime number?
True
Let h = 611 + -194. Is h a composite number?
True
Suppose 3383 = 3*m - 5*f, 3*m = -0*m - f + 3377. Is m composite?
True
Is (98/42)/(((-4)/(-2859))/4) prime?
False
Let q = 201 - 116. Is q composite?
True
Suppose -3*s + 2*a + 44 = 0, 5*a + 5 = s - 14. Suppose -s = -h + 12. Is h a prime number?
False
Let g = -8 + 13. Let l = g + 2. Is l composite?
False
Suppose -3*g - 15 = -8*g. Suppose r + 0*v + 4*v - 49 = 0, -12 = -g*v. Is r a composite number?
True
Suppose k - 2*k = -40. Suppose -3*v = -v + k. Let w = v + 33. Is w prime?
True
Let k = 31 + -17. Is k a composite number?
True
Let k(v) = 18*v**2 + 10*v + 5. Is k(-4) prime?
False
Is (-2)/(-8) + (18252/(-16))/(-9) composite?
False
Let v = 628 - 244. Suppose -7*q + 2*q + 2*p = v, 4*p = -q - 68. Is 4/(-18) - q/18 composite?
True
Let n(s) = -21*s**3 - s**2 + 2*s - 4. Let k be n(-3). Suppose -4*g + k = 60. Is g prime?
False
Suppose -2*b + 1 = -3*p, -2*b + p = -0 - 7. Suppose b*m + 20 = 0, m = 2*d - 201 - 165. Is d prime?
True
Suppose 3*w = -2*r + 247, 3*w - 4*r = -2*r + 251. Is w a composite number?
False
Let v(r) = r**3 - 4*r**2 - 6*r + 3. Let p be v(5). Let a be (-87)/(-12) - p/(-8). Let j = 6 + a. Is j prime?
True
Let y = 2454 + -1338. Suppose -26*z = -28*z + 6. Suppose -6 = 3*o - z, 5*u - o - y = 0. Is u a prime number?
True
Let i(r) = 2*r + 5*r**2 - 3 + 4 - 3 + 3*r**2. Is i(2) composite?
True
Suppose -2*s + 815 = 3*s. Is s prime?
True
Suppose 4*p + l + 37 = 0, 0 = 2*l - 0*l + 2. Let n = -6 - p. Is 178 + (n + -7 - -3) composite?
True
Suppose -7*h - 2*k + 1392 = -3*h, 5*h - 2*k - 1731 = 0. Is h prime?
True
Let w(h) = -h**3 + 0 + 2 + 5. Let l(p) = -p - 4. Let b be l(-4). Is w(b) a prime number?
True
Suppose -c + 10*c - 5697 = 0. Is c a composite number?
True
Suppose 2*i - 132 = -2*i. Is i prime?
False
Let a(d) = -d - 9. Let j(f) = -f - 9. Let n(v) = -5*a(v) + 4*j(v). Is n(6) prime?
False
Suppose -3*h - x = 403 - 1964, -5*h - 2*x = -2601. Is h prime?
True
Let r = 665 - -18. Is r a composite number?
False
Let k be 4*4 - (1 + 0). Suppose w + 4 = k. Is w composite?
False
Let z = -2 + -1. Is ((-74)/6)/(1/z) a prime number?
True
Is ((-2384)/(-24))/(2/3) a prime number?
True
Let g = 99 - -46. Suppose -152 = 3*p - 4*f + 8*f, 0 = 3*p + 2*f + 160. Let m = g + p. Is m a prime number?
True
Suppose 5*h - 1809 = -3*v - v, -2*v + h + 901 = 0. Is v composite?
True
Let l = -749 - -3684. Is l composite?
True
Let c(t) = t - 49 + 17*t + 54. Is c(8) prime?
True
Let d(q) = 31*q. Suppose -3*a + 3*c = -c - 19, 5*c + 20 = 0. Is d(a) prime?
True
Suppose 5*z + 94 = -26. Is ((-42)/z)/(1/8) prime?
False
Let a(f) = 101*f**3 - f + 1. Let p be a(1). Suppose -6*w - 230 = -w - 2*q, -25 = 5*q. Let s = p + w. Is s composite?
False
Let t(i) = -i**3 - 4*i**2 - 6*i - 5. Let n(d) = -d**3 + 4*d**2 + 6*d. Let q be n(5). Suppose -3*b - 3*a - 15 = 0, 5 = -q*b + 3*a - 12. Is t(b) a prime number?
True
Let v(p) = -p**3 - 10*p**2 - 31*p - 27. Is v(-12) a composite number?
True
Suppose -5*d - 371 + 1641 = 0. Is (d + 1 + 2)/1 composite?
False
Let y(j) = -j**3 + 24*j**2 - 28*j + 2. Is y(21) a prime number?
False
Let q = -6 - -5. Let d be (0 - -3)/(1/1). Is (d + q)/((-2)/(-57)) composite?
True
Let w = 56 + -25. Suppose 0 = -4*i + 3*i + w. Is i a composite number?
False
Let u(r) = 38*r + 1. Let t be u(-4). Let b be (-2)/(1 - (-153)/t). Let l = b + -82. Is l a composite number?
True
Suppose -3*n + 0*n + 6 = 0. Suppose -n*h = -w - 183, 4*h + 4*w - 190 = 146. Is h composite?
False
Let p = 482 - 261. Is p a composite number?
True
Let f be (-51)/(-34) - 6/(-4). Let z(u) = -u**3 + 8*u**2 - 8*u - 2. Let o be z(6). Suppose -f*q + q = -o